he units digit of k?
2
Let x = 143 + -95. Suppose -x = -5*b + 27. What is the tens digit of b?
1
Let z(a) = 3*a**2 - 4*a + 2. Let j be z(2). Suppose q = p - 7, -17 = -0*q + 2*q - 3*p. Let i = j + q. What is the units digit of i?
2
Suppose 4*b = b + 12. Suppose 2*w - 31 = -5*n, w = 2*n - b*w - 24. What is the units digit of n?
7
Let v be -14*(-3)/(-6) + 0. Let t = v - -8. What is the units digit of t?
1
Let g(r) = -r**3 + 15*r**2 - 14*r + 3. What is the units digit of g(14)?
3
Suppose 9*h - 420 = 4*h. What is the units digit of h?
4
Let v(z) = -24*z**3 + z**2 - 1. Let d be v(-1). What is the units digit of (-3)/(-2)*d/18?
2
Let n(z) = -2*z - 2. Let t be 63/(-13) + 6/(-39). What is the units digit of n(t)?
8
Suppose 6*b = 4*b - 4. What is the tens digit of 3/6 + (-79)/b?
4
Suppose -4*z = -b - 29, -b - b + 22 = 2*z. What is the units digit of 1/(-4)*-6*z?
2
Let f(j) = -j**3 + 10*j**2 + 9. Let h be f(10). Let l(y) = y - 4. What is the units digit of l(h)?
5
Suppose -31 = 4*h + 101. Let s = h - -53. What is the tens digit of s?
2
Let m be (15/(-6))/((-2)/8). Suppose -3*o - m = 2*o. What is the units digit of -3*(-1)/o*-2?
3
Let m(q) = -13*q + 3. Let b(l) = 3*l - 1. Let w(y) = 9*b(y) + 2*m(y). Let z be (-12)/(-10)*(1 - -4). What is the units digit of w(z)?
3
Suppose j = -j + 74. What is the units digit of j?
7
Suppose 4*t - 7*t = -4*i + 107, -i + 2*t = -23. What is the tens digit of i?
2
Suppose 3*f = -2*t + 52, -3*t - 3*f = -8*f - 116. What is the units digit of t?
2
Let l(w) = w**2 + 10*w + 10. Let t be l(-8). Let q = t + 13. What is the units digit of q?
7
Suppose -2*i - 3*i = -15. Suppose x = 4 - i. Let q = x + 3. What is the units digit of q?
4
Let l(i) = 2*i**3 + i**2 + 5*i - 3. Let v(t) = 5*t**3 + 4*t**2 + 15*t - 10. Let b(d) = -8*l(d) + 3*v(d). What is the units digit of b(4)?
4
Suppose -2*g + 5*a + 125 = g, 0 = 3*g - a - 133. Suppose 10 = 5*n - g. What is the units digit of n?
1
Let i = -14 - -49. Let l = 2 + i. What is the tens digit of l?
3
What is the units digit of (3 + (-11)/3)*-90?
0
What is the units digit of (-876)/(-22) - (-20)/110?
0
Let q(i) = i**3 - 9*i**2 + 10*i + 14. What is the hundreds digit of q(9)?
1
Suppose u = 36 - 15. What is the units digit of u?
1
Suppose -4*d + 4*a - 34 = -2, d + 5*a - 22 = 0. Let b be (-2)/3 + (-2)/d. Let y(m) = -m + 3. What is the units digit of y(b)?
3
Let d = -77 - -120. What is the tens digit of d?
4
What is the hundreds digit of -3 + 1 - (-1001)/7?
1
What is the units digit of (18/(-5))/2*-5?
9
Let g(o) = 68*o - 19. What is the tens digit of g(3)?
8
Let q = 12 - 7. Suppose -5*o - 4 = 3*l, -2*l + 38 = -q*o - 1. What is the units digit of l?
7
Let m(g) be the third derivative of g**5/5 - g**3/6 - 4*g**2. What is the units digit of m(-1)?
1
Let x = -87 - -147. Suppose -i = 2*a - a - x, 3*a = 2*i - 135. Suppose -5*l - 3*b + i = 8, 2*b - 50 = -5*l. What is the units digit of l?
8
Let g = -112 - -173. Suppose 73 = 3*k + 1. Suppose 5*z - k = g. What is the units digit of z?
7
Suppose w - 46 = -3*m, -5*m + 4*w = -8 - 63. Let o = 23 - m. What is the units digit of o?
8
Let o(j) = 3*j**2 - j + 1. Let q be o(1). Suppose -q*n = 3*h - 39, 0 = -2*n - 2*n + 4. What is the units digit of h?
2
Suppose 5*o - 4*i - 88 = 0, 0*o - 3*i - 91 = -5*o. Let t = 27 - o. What is the units digit of t?
7
Suppose -5*f = -4*w - 319, f + 73 = -w - 0*f. Let s be (w/(-16))/((-3)/(-12)). Suppose 5*g = n + s, -2*g + 0*n - 5*n + 13 = 0. What is the units digit of g?
4
Suppose 1 + 19 = 5*q. Suppose 0 + 8 = -q*o. Let n = -1 - o. What is the units digit of n?
1
Let x(t) = -7*t - 29. What is the tens digit of x(-15)?
7
Suppose 0 = 3*j + 4*c - 115, 4*j - 182 = -j + 3*c. What is the tens digit of j?
3
Let g(t) = 0*t**3 + t**3 + 0*t**2 + 1 - t**2. Let y be g(0). Suppose -z + y = -3. What is the units digit of z?
4
Let b(j) = -j + 6. What is the units digit of b(3)?
3
Let i(f) = f**3 - 6*f**2 + 5*f - 3. Let o be i(5). Let k = o + 4. What is the units digit of k?
1
Let b = 2 + 3. Suppose 26 = 3*i + b. What is the units digit of i?
7
Suppose 8*u - 84 = 5*u. Let b = u - 16. What is the units digit of b?
2
What is the tens digit of (18/4)/((-2)/(392/(-21)))?
4
Suppose 2*g = 2 + 4. Suppose -2*y + 7 + g = 0. What is the units digit of y?
5
What is the tens digit of 34 + (-1 - (-2 + 2)) - 2?
3
What is the tens digit of (-26)/143 - 200/(-11)?
1
Let f be -1 + -2 + (-3 - -6). Let a = 2 - f. Suppose -8 = -a*r - 2*r. What is the units digit of r?
2
Let f be 96/9 + (-4)/6. Let b = 16 - f. What is the units digit of b?
6
Suppose -3*s = 2*u + 2*u - 471, 4*s + 230 = 2*u. Suppose 77 = 2*g - 0*g - l, l + u = 3*g. Suppose i - g = -4*i. What is the units digit of i?
8
Let q = 14 - 9. Suppose q*b - 31 + 1 = 0. Suppose -35 = -b*m + m. What is the units digit of m?
7
Let i = -5 - -8. What is the tens digit of 2 - (-28)/6*i?
1
Suppose 5*a - 104 = a. What is the units digit of a?
6
Let d = -10 + 61. What is the units digit of d?
1
Suppose 1 = -h - 0*h. Let r(m) = -2*m**2. Let k be r(h). What is the units digit of ((-5)/(-2))/((-1)/k)?
5
Let x(c) = c**3 + 6*c**2 + 2*c - 2. What is the units digit of x(-5)?
3
Let s be 3*3/(-6)*-2. Suppose q + s*q = 12. What is the units digit of (6/q)/4*4?
2
Let u(r) = -r**3 + r**2 + 2*r + 2. What is the tens digit of u(-3)?
3
Suppose 3*j = 2*j + 3. Suppose l + 1 = 6. Let q = l + j. What is the units digit of q?
8
Let o(b) = 0*b + 2 + 1 + b. Let u be o(-2). Let k = u + 0. What is the units digit of k?
1
Suppose -146 = -z + 188. What is the hundreds digit of z?
3
Suppose -w = 3*x - 97, 5*x - 9*w = -4*w + 195. Suppose x = -4*f + 6*f. What is the tens digit of f?
1
What is the tens digit of (-4 + 64 + 1)*1?
6
Let s be (-2)/(-4) + 3/(-6). Suppose -u = -s*u - 10. What is the units digit of u?
0
Let y(g) = 0 + 0*g + g - 1. Suppose -3*p = -3*a - 12, -2*a + 0*a + 6 = 0. What is the units digit of y(p)?
6
Let u(s) = -s**2 + 11*s - 1. Let g be u(10). Let k = 9 - g. Suppose -4*n + 2*m = -k*m, -3*m + 6 = 0. What is the units digit of n?
1
Let c(o) = o**2 + o + 2. Let f be c(-3). Let k = 1 + f. What is the units digit of k?
9
Suppose -2*k = -0*k + 12. What is the units digit of 5 - (k - -3) - 2?
6
Suppose 0 = 3*a - 3, -a + 14 = -4*o - 3*a. Let y be o/(-18) + (-914)/(-18). Suppose 0 = -5*s + 3*p + y, 5*s + 2*p = 53 - 12. What is the units digit of s?
9
Let y(t) = 7*t + 1. What is the units digit of y(3)?
2
Let d(m) = -m**3 + 3*m**2 + 3*m + 4. Let u = 4 + 0. Let r be d(u). Suppose 5*b + 5*a - 55 = 0, -b + r = -3*a + 1. What is the units digit of b?
8
Let k(c) be the second derivative of c**4/12 + c**3/2 - 3*c**2/2 + 3*c. What is the tens digit of k(3)?
1
Let l = 3 - 0. Suppose 4*h - 21 = 2*h - l*y, -2*h - 4*y = -24. Let q(c) = -c**2 + 6*c + 2. What is the units digit of q(h)?
2
Let m(d) = -2*d**2 + 19*d + 13. Let i(c) = -c**2 + 9*c + 6. Let r(x) = 13*i(x) - 6*m(x). Let z be r(3). Let g = 6 + z. What is the units digit of g?
6
Suppose 0 = 3*r - 3*v - 6, -4*r = r - v - 10. Suppose 0 = 4*d - 3*d - r. What is the units digit of ((-9)/15)/(d/(-30))?
9
Let p(i) = i**2 - i + 2. Let j be p(0). Suppose -2*v + 42 = -j*s, 5*v - 120 + 17 = 4*s. Suppose 3*x - 17 - v = 0. What is the units digit of x?
2
Suppose -3*b + 4*h = -90, -3*b + 90 = -3*h + 7*h. What is the units digit of b?
0
Let t(i) = 6*i**2 - 5*i + 1. Let m(l) = -11*l**2 + 11*l - 2. Let b(o) = 3*m(o) + 7*t(o). Let x be b(1). Suppose -1 - x = -3*q. What is the units digit of q?
3
Let t(p) = -p + 2. Let u(c) = 1. Suppose 21 = 2*y - 5. Let q(s) = y*u(s) - 6*t(s). What is the units digit of q(1)?
7
Let d = -20 - -31. Let g = 3 - d. Let o = -6 - g. What is the units digit of o?
2
Suppose 0 = 5*k + 25, 3*g + 3*k = 7*g - 599. What is the hundreds digit of g?
1
Let l(a) = -4 + 11 + 6*a - 10*a**2 + 11*a**2. What is the units digit of l(-7)?
4
Let x(p) = -2*p**3 - 3*p**2. Let c be x(-2). Suppose 64 = -c*y - 5*v, 0 = 3*v + 2*v. What is the units digit of (-3 + 0)/(6/y)?
8
Let w be (4/(-6))/(7/(-21)). Suppose w*x + 36 = 5*x + s, 2*x + 4*s - 34 = 0. What is the units digit of x?
1
Let g be 6/(-9)*6/2. Let h = g - -2. Suppose -k + 1 + 7 = h. What is the units digit of k?
8
Suppose t - 3*u - 117 = 0, -5*t + 0*t + u + 641 = 0. What is the hundreds digit of t?
1
What is the tens digit of 1 + -2 + 3 - -11?
1
Let a